2*f - 3. Let s be p(n). What is the greatest common divisor of 16 and s?
16
Let t(a) = 14*a + 2. Let n be t(5). Let y = -39 + n. Suppose 0 = 5*q - 5*g - 35 - 100, -2*q + y = 5*g. Calculate the greatest common divisor of 6 and q.
6
Let d = 68 + -66. Suppose 64 = 6*g + d*g. What is the greatest common divisor of g and 24?
8
Suppose 0 = -b - 1, -b = -i + b + 5. Calculate the highest common divisor of 12 and i.
3
Let v(a) = -a**2 + 3*a + 4. Let t be v(4). Let q = 109 + -108. Suppose -b + q + t = 0. What is the greatest common divisor of 7 and b?
1
Let a(t) = t**2 - 5*t + 7. Let b = -36 + 44. Let j be a(b). What is the highest common factor of 155 and j?
31
Let q(m) = -2*m + 16. Let s be q(-4). What is the highest common divisor of s and 18?
6
Let l be ((-10)/(-3))/((-80)/(-4920)). What is the highest common factor of l and 82?
41
Let l = 6 - 4. Let n be (22/8)/(l/48). Let x(s) = -s**3 - 21*s**2 - 19*s + 26. Let f be x(-20). What is the greatest common divisor of n and f?
6
Let n = 60 - 41. Suppose -5*p - 41 = -4*l, n + 8 = 3*l - 5*p. Suppose -3*w + 46 = 4. What is the highest common divisor of w and l?
14
Suppose 4*c + 25 = 2*d - 3, 4*d - 2*c - 32 = 0. Let h = d + -2. Suppose h*x = x + 18. What is the highest common divisor of x and 54?
6
Suppose -3*q = -52 - 137. Let m = -226 + 233. Calculate the highest common factor of m and q.
7
Let g be -3*2*(-14)/3. Let n = 2750 + -1589. Suppose 0 = -25*i + n + 1639. Calculate the greatest common divisor of g and i.
28
Suppose -94*l + 271887 = 27*l. Calculate the greatest common divisor of l and 42.
21
Let n = -24 + 26. Suppose 1 = -n*u + 15. What is the greatest common factor of u and 7?
7
Suppose -24 + 210 = 3*z. Let t = z + -46. What is the highest common factor of t and 4?
4
Let w be ((-91)/(-21) - 5)/((-2)/57). What is the highest common factor of w and 57?
19
Let u(c) = c**3 - 8*c**2 + 11*c - 5. Let l be u(7). Let q = 24 - l. Calculate the highest common divisor of q and 4.
1
Let r(a) = 16*a - 326. Let z be r(22). Let t be -3 - (-2 + 92/(-1)). What is the highest common factor of z and t?
13
Suppose 0 = -p - 0*p - 5*c - 21, 5*p - c + 53 = 0. Let r(h) = h**3 + 12*h**2 + 6*h - 7. Let k be r(p). Calculate the greatest common divisor of k and 32.
16
Suppose -p + 759 = 2*z + z, p = -4*z + 764. What is the greatest common divisor of 24 and p?
24
Suppose -3*w - 15 = 0, 2*o - 6 = 4*o + 2*w. Suppose h - 5 = 0, -o*h - h + 21 = 2*i. Let c be (i - 1) + -4 + 47. What is the highest common divisor of c and 5?
5
Suppose 0 = -3*t + 15, 2*t - 358 = -p + 4*p. Let m = -100 - p. Calculate the highest common divisor of 2 and m.
2
Let w be 4*(4 + 4/(8/22)). Suppose -5 + 6 = p. Let b = 21 - p. What is the greatest common divisor of w and b?
20
Suppose 3*l = l + 5*d - 175, -4*l - 4*d - 308 = 0. Let k = 8 + l. Let a = k + 112. What is the highest common factor of 100 and a?
20
Suppose -269 + 107 = -9*x. What is the greatest common factor of x and 192?
6
Let k be (2/4)/(4/48). Suppose -21 = -5*w - k. Suppose -w*p + 13 = 4*b - 10, 0 = -5*p + 4*b - 15. Calculate the highest common divisor of 9 and p.
1
Let c = -227 + 369. Suppose -c = -5*g + 18. Calculate the highest common factor of 8 and g.
8
Suppose -42*f = -64*f + 858. Calculate the greatest common factor of 1066 and f.
13
Suppose -61*b + 204 = -59*b. Calculate the highest common factor of 34 and b.
34
Let u = -730 + 748. Calculate the highest common divisor of 144 and u.
18
Let f be (-3)/9*(12 - 753). What is the highest common factor of f and 13?
13
Suppose 4*u + 16 = 0, -4*m - 2*u + 12 = -2*m. Suppose m = -2*s, 5*s + 51 = 2*a + 20. Calculate the highest common factor of a and 27.
3
Suppose -2*f = 5*t - 1261 - 159, -5*t + 1405 = 5*f. Calculate the highest common factor of 22 and t.
22
Let r = 2337 + -2222. What is the highest common divisor of r and 80?
5
Let a = -107 - -222. Calculate the highest common factor of a and 5.
5
Suppose -2*b = 2*v - 74, 7*v - 5*v = 3*b - 121. What is the greatest common factor of 9 and b?
3
Suppose 4*b - 5*q = 33, 2*q + 3 = -q. Let j be 864/b - 36/(-63). Suppose 3*k + 5*w + j = 6*k, 5*k + 4*w = 145. What is the greatest common divisor of k and 11?
11
Suppose 0 = -2*x + 28 - 26, 0 = 5*t - 5*x - 90. What is the greatest common divisor of 1159 and t?
19
Let d = 7 - -2. Let z(g) = 12*g + d + 9 + g**2 + 3 + 3. Let w be z(-12). Calculate the greatest common divisor of w and 60.
12
Let d = 857 + -712. What is the greatest common divisor of d and 5?
5
Let a(b) = b**3 - 7*b**2 - 8. Let z be a(7). Let t be (-1)/((z/(-2))/(-40)). What is the highest common factor of 10 and t?
10
Let a be (-1)/4 - 14/8. Let r be (a - 3/4)*-4. Suppose 6*s + 360 = r*s. What is the highest common factor of 18 and s?
18
Suppose 7*i = -3*i + 2240. Suppose -i = -3*m - m. Calculate the greatest common divisor of 28 and m.
28
Suppose 2*i + 4*q = 220, 4*q + 322 + 8 = 3*i. Calculate the greatest common divisor of i and 605.
55
Suppose 2*i + 3*y - 10 - 25 = 0, 2*y = 2*i - 20. Let s be 276/27 + -5 + 4/(-18). Suppose -s*v + 37 = -28. What is the greatest common factor of i and v?
13
Let g(m) = m**3 - 16*m**2 - 17*m + 7. Let p be g(18). Let q = p + -239. What is the highest common factor of 44 and q?
22
Suppose -b - 3*l + 900 = 3*b, 3*b - 680 = -l. What is the greatest common divisor of b and 3?
3
Suppose 109 + 47 = 3*l + 2*n, -2*l + 4*n + 104 = 0. Let j be 2/(-8) + 105/4. Calculate the greatest common divisor of j and l.
26
Let z(p) = p**3 + 4*p**2 - 6*p - 4. Let g be z(-5). Suppose -4*a + 0*a = -4. Let q be 4/a - (2 - 0). Calculate the highest common divisor of g and q.
1
Let u be 88/14 + (-6)/21. Let m(h) = h - 3. Let d be m(u). Suppose -d*x + 34 + 11 = 0. What is the highest common divisor of x and 6?
3
Let i(d) = -2*d + 1786*d**2 - 1782*d**2 + 7*d. Let b be i(-2). Calculate the highest common factor of b and 3.
3
Suppose 11*f - 575 = 2813. Calculate the highest common divisor of 55 and f.
11
Suppose j + 2*r = 15, 2 = 2*r - 2. Let d = j - 6. Let q be d/(20/32) + 4. Calculate the greatest common factor of 24 and q.
12
Let q be (-65)/(-10)*1/((-1)/(-158)). What is the highest common factor of q and 13?
13
Let q be ((-60)/(-35))/((-3)/(-42)). Calculate the highest common divisor of 108 and q.
12
Let x = -24 + 42. Suppose 0 = 5*u - 15, 5*u = 2*w + w - x. Calculate the highest common factor of 33 and w.
11
Let w be 203/3 - 1/(-3). Suppose -80 = -5*r - 2*t + 3*t, -15 = -3*t. What is the greatest common factor of w and r?
17
Suppose 900 = -3*h - 2*h. Let p be ((-12)/(-5))/((-1084)/h + -6). Calculate the highest common factor of p and 9.
9
Let d(t) = -11*t + 617. Let l be d(49). Calculate the highest common factor of 6 and l.
6
Let j = 20 - 14. Suppose 5*z = -f + 5*f + 9, -5*z = -3*f - 13. Suppose 26 + f = 5*a. What is the greatest common factor of a and j?
6
Suppose 0*k = -3*k. Suppose k = -4*u - r + 14 - 0, 8 = 4*r. Let z be 6 - ((-7)/1 + u). What is the highest common divisor of 30 and z?
10
Let y be (1/((-15)/738))/((-3)/10). What is the highest common divisor of y and 41?
41
Suppose k - 3*g - 438 = 0, 517 = k - g + 71. Calculate the greatest common factor of 18 and k.
18
Let v be (19/2)/((54/(-36))/(-3)). What is the highest common factor of v and 817?
19
Let a(x) = 6*x + 19. Let h be a(-2). Let p(d) = 7*d - 1. Let n be p(4). Suppose -n + 83 = 2*z. Calculate the greatest common divisor of z and h.
7
Let n = -228 - -242. Calculate the greatest common divisor of n and 70.
14
Let l = 733 - 365. Calculate the highest common divisor of 46 and l.
46
Suppose -2*t + 312 = 2*k + 118, -5*k = 2*t - 500. Calculate the highest common divisor of k and 18.
6
Let v be 0/(-2)*8/(-24). Suppose v*b + 2*b - 2*x = 46, 0 = b - 4*x - 32. Calculate the greatest common divisor of 80 and b.
20
Suppose 0 = 5*f - 0*f - 30. Suppose 0 = h + f + 8. Let l be -1 + (-2 + -1 - h). Calculate the greatest common divisor of 50 and l.
10
Let k = 1094 - 558. Calculate the highest common divisor of 32 and k.
8
Suppose -5*c - 21 = -101. Suppose 0 = c*k - 17*k + 48. What is the highest common factor of k and 6?
6
Let l be ((-36)/36 - (2 + -2)) + 28. Let y = -10 + 19. Calculate the greatest common divisor of y and l.
9
Let w(t) = -16*t**3 + 2*t**2 + 2*t + 1. Let o be w(-1). Calculate the greatest common factor of 629 and o.